. Let k(r) = -13*r - 4. Let m(x) = -10*x - 5. Let p(n) = 3*k(n) - 4*m(n). Give p(h).
1
Let p(d) be the second derivative of d**5/20 + 7*d**4/6 - d**3/3 - 15*d**2/2 - 395*d. Calculate p(-14).
13
Let y(n) = -n**2 + 1. Let d(l) = 3*l**2 + 2*l - 7. Let u(c) = -c**2 + 1. Let p(k) = d(k) - 2*u(k). Let j(q) = -p(q) - 4*y(q). Calculate j(-4).
-3
Let q = 51 + -48. Let c(o) = -2*o**2 + 3*o - 4. Give c(q).
-13
Let z(u) = u**2 + 5*u + 10. Let f be z(-3). Let d(h) = 12 + 10*h**2 - 2*h - 12*h**3 - 7*h**3 - f*h**3 + 22*h**3. Calculate d(10).
-8
Let w = 2 + -1. Let n = -25 - -57. Let k(v) = 1 - v**3 - n*v + 32*v. What is k(w)?
0
Let i(w) = 2*w**3 + 32*w**2 + 2*w + 27. Let x be i(-16). Let o(f) = f**3 + 4*f**2 - 7*f - 12. Calculate o(x).
-2
Let r(f) = f**3 - 5*f**2 - 6*f - 3. Suppose i = -4*i - 25. Let q = i + 11. Suppose 3*p - 2*p - q = 0. Give r(p).
-3
Let o be 4/(-10)*(-5 + 0). Let f(i) = -17*i - 2*i**2 + 22*i + 0*i**o + i**2. Determine f(5).
0
Let h(o) = 4*o + o**3 + 4*o - 9 - 11*o - 10*o**2 + 4*o. What is h(10)?
1
Let u(y) = -y**2 - 1. Let m(z) = 5*z - 16*z**2 + z + 22*z**2. Let w(a) = m(a) + 5*u(a). Suppose -3 = -2*s + 4*j - 5, -3*s = -5*j + 5. Give w(s).
-10
Suppose 0 = -362*k + 351*k - 44. Let a(j) = -3*j - 15. Give a(k).
-3
Let y = -8 + 6. Let d(t) = 3*t + 432 - 217 - t - t**2 - 213. Give d(y).
-6
Let f be (16/56)/(6/77) - 3. Let k(y) be the first derivative of 3/4*y**4 - 1/2*y**2 - 3 + f*y**3 + 0*y. What is k(1)?
4
Let d be (-13)/78 + (-2)/24*10. Let y(k) = -10*k**3 + 2*k**2 + 3*k + 2. Determine y(d).
11
Let l(g) = 2*g**2 + g - 21. Let t be l(0). Let f = t - -15. Let i(u) = -u**3 - 6*u**2 + u + 5. What is i(f)?
-1
Let v(t) = 62*t**2 - 3 + 3 - 63*t**2 + 2 - t - 10. Calculate v(0).
-8
Let b = -9 + 14. Suppose y + b = 10. Let n(q) = 21*q - 12*q - y*q**2 - q**3 + 9 + 0*q**2. Calculate n(-6).
-9
Let t(a) = 15*a**3 - 26*a**2 - 13*a - 1. Let z(s) = -7*s**3 + 12*s**2 + 6*s. Let o(r) = 6*t(r) + 13*z(r). Determine o(0).
-6
Let v(i) = 6*i - 264 + 534 - 265. Calculate v(-2).
-7
Let y be 104/28 - 4 - (-132)/(-28). Let g(u) be the third derivative of -u**5/60 - 5*u**4/24 - u**3/6 + u**2. Calculate g(y).
-1
Let a(p) = -p**3 + 5*p**2 - p + 3. Let h(j) be the first derivative of j**4/4 - 2*j**3 + j**2/2 - 4*j - 19. Let z(v) = -5*a(v) - 4*h(v). Calculate z(0).
1
Suppose 5*l + 3*f + 0 = -6, 2*l = -f - 2. Suppose -6*b - 8 = -2*b - 4*x, 0 = 3*b - x - 4. Let d(n) = 4 + 5*n**2 - n + b - 4*n**2 - 11. Determine d(l).
-4
Let a = 395 - 391. Let z(d) = 11*d - 9. Give z(a).
35
Suppose -17*u + 24*u + 14 = 0. Let g(i) = -i**3 - 5*i**2 - 2*i + 2. Determine g(u).
-6
Let p(r) be the second derivative of -r**4/4 - r**3/2 + r. Let l(k) be the first derivative of -3*k**2 + 34*k - 1. Let b be l(6). Determine p(b).
-6
Let c(l) be the second derivative of -l**4/12 - 5*l**3/6 - 4*l**2 - 58*l - 1. Determine c(-3).
-2
Let u(s) = s**3 - 7*s**2 + 8. Let i = 69 + -62. Calculate u(i).
8
Suppose -8 = -o - 4*s + 9, -o + 15 = 3*s. Let k = 10 - o. Let q(w) = 13*w**3 - w**2 + 1. Give q(k).
13
Let k(f) = f + 1. Suppose -27 = -8*h - 27. What is k(h)?
1
Let v = -1 - -16. Suppose v + 34 = 7*g. Let k(l) = -l + 6. Give k(g).
-1
Let h(r) = 8*r**3 - 36*r - 13. Let o(p) = 7*p**3 + p**2 - 30*p - 12. Let g(i) = 6*h(i) - 7*o(i). Let a be (3/(-6))/(2/24). Give g(a).
6
Let j = 11 - 9. Let o(w) = -8*w + 0*w**2 + 7*w**2 + w**3 + w**j + 11. Let b be o(-9). Let y(a) = 2*a**3 - 3*a**2 + 4*a - 3. Determine y(b).
9
Let q(w) = 5*w + 27. Let b(a) = -6. Let h(m) = -4*b(m) - q(m). Give h(10).
-53
Let c(i) = i**2 + 6*i + 3. Let o = -22 + 32. Let y be 24/(-10) + (-6)/o. Let p be (-2)/y - (-102)/(-18). What is c(p)?
-2
Suppose 0*k = -2*k, -3*u = -2*k. Let o(v) = -4 - 1521*v - 1526*v + 3048*v. Give o(u).
-4
Let l(f) = -f - 1. Suppose -2*i + 8 = 0, -4*c - 77 + 297 = 4*i. Let n = c + -53. Give l(n).
1
Let c(d) = 6*d**2 + 3*d + 4 + 15*d**2 - 21*d**2 + d**2. Calculate c(3).
22
Let h(b) = -b**3 + 11 + 8*b**2 - 28*b**2 + 3*b**2 + 9*b**2 + b. Suppose 5*d + 36 = 2*a, 3*d - 4*a - 12 + 28 = 0. Give h(d).
3
Let t be -1 - ((-45)/(-12) + (-15)/(-12)). Let s(x) = -x**3 - 7*x**2 - 3*x + 6. Give s(t).
-12
Let q(h) = -7*h**2 - 2*h + 12. Let c(i) = 9*i**2 + 3*i - 14. Let u(y) = -4*c(y) - 5*q(y). Calculate u(-5).
-19
Let m(o) = 69*o**3 + 13 - 70*o**3 + 2*o**2 - 2*o**2 - o**2 + o. Determine m(0).
13
Let y(i) = i - 5. Suppose 0 = p + 2*r - 16, 0 = -4*p - 2*r + 3*r + 28. Let m be y(p). Let f(v) = -v - 4 + m*v - 4. What is f(6)?
4
Let l be 3 + 16/(-24)*(-6)/(-4). Let v(d) be the second derivative of -1/2*d**3 + 0 + d**l - 6*d. What is v(-3)?
11
Let o(x) = 212*x - 213*x + 2 - 9. Determine o(5).
-12
Let v(q) = -2*q - 6. Let y = -21 - -21. Suppose y = -6*m + 11*m + 30. Let p = -10 - m. Determine v(p).
2
Let h(x) = x**2 + 1. Let k be (-38)/19*1/(-2). Let i be (1/k)/((-1)/(-2)). Determine h(i).
5
Let f(y) = 2 - 31*y**2 - 13063*y - y**3 + 13034*y + 29. Determine f(-30).
1
Let t(q) = 8*q + q**2 - 14 - 9*q**2 - q**3 + 7. Determine t(-9).
2
Let m(p) = -2*p + 4. Suppose -30 = -k + 4*k. Let f = 169 - 156. Let u = k + f. Calculate m(u).
-2
Let b(a) = 2 + 2*a**2 + 30*a - a - 22*a. Determine b(-6).
32
Let h = 128 + -139. Let v(c) = -c**3 - 11*c**2 - c - 2. Calculate v(h).
9
Suppose -3 = 3*r + a, -a + 2 = -r - 3. Let l(q) = q**3 + 4*q**2 - q - 2. Determine l(r).
8
Let z(h) = h**3 - 6*h**2 + 5*h - 6. Let l = 60 - 20. Let t = l - 24. Let w = t - 11. Calculate z(w).
-6
Let m(b) = 2 + 4 - 2 + b + 1 - 13. Give m(13).
5
Suppose -1 - 3 = 4*l, -2*f + 4*l + 18 = 0. Let s(p) be the third derivative of 5/6*p**3 + 0*p - 1/24*p**4 + 0 - 5*p**2. What is s(f)?
-2
Let b(r) = -r**3 - 4*r**2 - 7*r - 22. Let q(h) = 13*h + 217. Let o be q(-17). Determine b(o).
6
Let g(o) = o**2 + o + 2. Suppose 0 = -3*s - 2*z - 19, 6*z = 4*z - 10. Determine g(s).
8
Let t(s) = -s**3 + 18*s**2 + 18*s + 19. Let a be 5/(301/133 - 2). Give t(a).
0
Let o(g) = 7*g. Let b(x) = x**3 - 5*x**2 + 7*x - 11. Let y be b(4). Determine o(y).
7
Let u(x) = -62*x - 55. Let b be u(-1). Let r(l) = l - 14. Give r(b).
-7
Let l(d) be the second derivative of -d**4/12 - 2*d**3/3 + 3*d**2 - 92*d. Let t = 5 + -3. Suppose -t*z = -0*z + 12. Give l(z).
-6
Let p(x) = -33*x - 5. Let v(q) = -57*q - 9. Let n(z) = 5*p(z) - 3*v(z). Suppose -l = l - 4. What is n(l)?
14
Let b(o) = -o**3 - 7*o**2 - 9*o - 3. Suppose -16 - 74 = -3*r. Suppose -5*i - r + 0 = 0. Calculate b(i).
15
Suppose 2 + 3 = -p - 2*n, 0 = -3*p - 5*n - 10. Let k(m) = -m**2 + 6 + p*m**2 - 5*m**2 - 1 - 3*m. Calculate k(-5).
-5
Let m(v) be the third derivative of 0*v + 1/60*v**5 + 0 + 1/2*v**3 + v**2 - 1/4*v**4. Let p = -6 - -10. Determine m(p).
-5
Let l be 32/(-56)*35/(-2). Let g = -4 + l. Let j(w) = -w - 1. Calculate j(g).
-7
Suppose -44*x - 15 = -59. Let r(b) = -6*b**2 + 4*b - 4. What is r(x)?
-6
Let b(h) be the first derivative of h**4/4 - 5*h**3/3 + 3*h**2/2 - 4*h - 108. Determine b(3).
-13
Let j be -2 + 5 + (-4 - 1). Let r be (9/6)/(j/(-4)). Let z(b) = 6 + 5 - 16 - r*b + b**2. What is z(5)?
5
Let z(f) = f**3 + f**2 + f - 2. Suppose -5*r + 11 = 3*v, 4*v + 4*r = r + 33. Suppose 8*y - v*y - 8 = 0. Determine z(y).
-8
Let r(o) = -3*o**2 - 2*o + 3. Let d(m) be the second derivative of m**3/3 + 3*m**2 - 14*m. Let t be d(-2). Determine r(t).
-13
Let q(g) be the second derivative of g**5/20 + g**4 + 5*g**3/3 - 6*g**2 + 48*g - 1. Calculate q(-11).
-1
Let d(m) = m**3 - 2*m**2 + m + 1. Let h be (-4)/8 + (-10)/(-4). Determine d(h).
3
Let i be 4 - 4 - (-8)/(-2). Let u be 2/(0 - i/6). Let p(v) = -4*v + u*v + 2*v + 4 + 3. Determine p(-3).
4
Let d(p) = -5*p - 5*p**2 - 31 - 2*p + p + p. Let x(i) = -i**2 - i - 6. Let w(a) = 2*d(a) - 11*x(a). Let g = -40 - -37. Give w(g).
10
Let f(l) = -4*l**3 - 7*l**2 + 4*l - 7. Let i(v) be the first derivative of -v**4/2 - 4*v**3/3 + v**2 - 4*v + 6. Let c(r) = -3*f(r) + 5*i(r). Determine c(2).
17
Let z(l) = -l - 3. Let u(a) = a**2 + 9*a + 8. Let f(i) = -u(i) + 2*z(i). What is f(-11)?
-14
Suppose 0 = -3*p - 5 + 14. Let b(t) = -4*t + 3*t**2 + 3*t**2 + 2 - t**3 - 4*t**2 + p*t**2. Determine b(4).
2
Let g(w) be the third derivative of -1/2*w**3 + 7/60*w**5 + 0*w - 1/120*w**6 - 1/3*w**4 - 15*w**2 + 0. What is g(6)?
-15
Let q = 18 + -35. Let r(t) = t + 1. Let g(d) = -3*d - 4. Let v(u) = q*r(u) - 6*g(u). Determine v(-6).
1
Let z(s) = s**2 + 5*s + 7. Let r = -59